rmine z(1).
-8
Let y(u) = u**2 - 8*u + 4. Let d(i) = i + 1. Let n(m) = 2*d(m) + y(m). Give n(4).
-2
Let f(o) = o**3 - 5*o**2 + 2*o + 2. Let j be 8*-1*(-21)/42. Determine f(j).
-6
Let l(i) = -4*i - 3. Let x(t) = 5*t + 4. Let q(g) = -6*l(g) - 5*x(g). What is q(-2)?
0
Let s(f) = 2*f - 18. Let h be s(12). Let y(b) be the first derivative of -b**4/4 + 5*b**3/3 + 4*b**2 - 9*b + 1. Calculate y(h).
3
Let r(h) = -7*h + 15*h - 1 - 7*h. Determine r(-6).
-7
Let k(r) be the first derivative of -r**4/4 + 5*r**3/3 - r**2/2 - 6*r + 3. Let m(d) = d**2 + 4*d - 7. Let c be m(-6). Calculate k(c).
-11
Suppose 3*n - 7*n = -24. Let m(u) be the second derivative of u**4/12 - 5*u**3/6 - 7*u**2/2 + 2*u. Determine m(n).
-1
Suppose -s - s = -12. Let f(l) = -7*l**3 + 14*l**2 - 12*l - 1. Let w(r) = -3*r**3 + 7*r**2 - 6*r. Let o(z) = 2*f(z) - 5*w(z). Give o(s).
-2
Suppose 3*v = -2*l + 8, -3*l - 5*v = -6*v - 12. Let g(s) be the second derivative of s**4/12 - s**3/2 - 3*s**2/2 + 2*s. Give g(l).
1
Let w = 3 - 0. Let g(r) = 3*r - 10. Let o(p) = -p + 2. Let c(u) = -g(u) - 2*o(u). Give c(w).
3
Suppose -12 = -m - 2*m. Let h(k) be the second derivative of -k**2 + 0 - 1/3*k**3 - 3*k + 1/12*k**4. Determine h(m).
6
Let m be (-1)/2 - (-28)/8. Suppose m*v + 4 = 4*c, 3*c - 1 = 2*c + v. Let u(z) = 4 + c + z - 2. Determine u(4).
7
Suppose 0 = -p - p + 6. Suppose -4*m + 0 = 3*k + p, -2*k - 3 = 3*m. Let b(y) = -3*y - 2 - 3*y**3 - k + 4*y**3 - 3*y**2. What is b(4)?
-1
Let t(y) = y**3 + 4*y**2 + y - 1. Suppose -3*a + 0*a = -18. Suppose 3*h + a = 2*d - 1, 0 = -h + 2*d - 1. Determine t(h).
5
Suppose g - 4 = -7. Let z(c) = c**2 + 4*c + 4. Give z(g).
1
Let p be 0/(-10) + (-15 - 0). Let i = 0 - -5. Let v be 33/p + 1/i. Let y(u) = 2*u**2 + 4*u + 3. What is y(v)?
3
Let g(q) = q**3 - 7*q**2 - q + 10. Let h(a) = 2*a - 19. Let b be h(13). Determine g(b).
3
Suppose -15 = 2*n + 7. Let z = -7 - n. Let b(l) be the first derivative of l**2/2 - l + 1. Determine b(z).
3
Suppose -7*t = -5*t - 8. Let c(w) = -9 + w - w**2 + w + t*w + w. Calculate c(6).
-3
Let v(p) = -p**2 - 2*p + 9. Let t be v(3). Let r(n) = -n**2 - 8*n - 16. Let d be r(t). Let s(w) = w**2 + 4*w + 2. Determine s(d).
2
Suppose -4*h + 3 + 9 = 0. Suppose -n = -4*u + h*n, -5*u - 5*n - 30 = 0. Let q(g) = -g**3 - 2*g**2 + 2*g + 1. Calculate q(u).
4
Suppose -4 = -2*q - 2*q, -38 = -2*t - 2*q. Suppose 0 = l - 2*l + o + 2, -t = -l + 5*o. Let c be ((-3)/(-9))/(l/18). Let v(w) = w**2 + 4*w + 1. Give v(c).
-2
Let m = -3 + 5. Suppose m = -4*b - 6. Let h(d) = 10*d + 3 - 4*d - 3*d + 3*d. What is h(b)?
-9
Let j = -7 - -1. Let l = j - -4. Let r(p) = 4*p**2 + 2*p + 4. Let x(s) = -7*s**2 - 3*s - 7. Let c(z) = 5*r(z) + 3*x(z). What is c(l)?
-7
Suppose 2*s - 8 + 0 = 0. Let h(u) = 2 + 0*u**2 + 0 - 3 + 2*u + u**3 + s*u**2. Calculate h(-3).
2
Suppose -j + 3 + 0 = 0. Suppose 0 = -j*u + u + 4. Let s(k) = -2*k - 1. Give s(u).
-5
Let j(q) = q**2 - 6*q + 2. Suppose 2*y = 3*n - 1 - 13, 0 = n + 2*y - 10. Give j(n).
2
Let h be (6/(-21))/((-8)/56). Let y(p) = -p**3 + 6*p**2 - 4*p + 2. Calculate y(h).
10
Let k be -1 - (0 + 2*-1). Let c(u) be the first derivative of u**3/3 + 5*u**2/2 - 5*u + 4. Let f(z) = -z**2 - 7*z + 7. Let l(p) = -7*c(p) - 5*f(p). Give l(k).
-2
Suppose -1 = -2*o + 11. Suppose -o*x + x = 15. Let b(j) = -j**3 + 3 - j**2 - 2*j**2 + j + 0*j. What is b(x)?
0
Let a(x) = -4*x - 2 + 3*x - 2*x. What is a(2)?
-8
Suppose 9*y - 4*y - 15 = 0. Let v(d) = 2*d - y*d + 3 - 2 + 4*d - 2*d**2. Determine v(3).
-8
Suppose -6 = 2*c + 4*g, 24 = -5*c - 3*g + 2*g. Let u = 15 - 9. Let a(o) = 4*o - 3*o - u*o + 4*o. Calculate a(c).
5
Let a(s) = s**2 - 1 + 0*s**2 + 3*s + 0*s**2. What is a(-3)?
-1
Let k(b) = 6 - 4 - 2 + 8 + b. Let p = 0 + 0. Suppose 4*j + 16 = -p*j. Determine k(j).
4
Let x(v) = 3*v**3 - 18*v**2 + 8*v + 4. Let w(a) = 2*a**3 - 12*a**2 + 5*a + 3. Let m(j) = 8*w(j) - 5*x(j). Determine m(6).
4
Let u(v) = 12 - 3 + 31*v**2 - 24*v**2 - 7*v + 0*v**3 - v**3. What is u(6)?
3
Let q(t) = 18*t**3 + 0*t**2 + 2 - 2*t**2 - 19*t**3 + 3*t. Calculate q(-4).
22
Suppose 3*h + 26 = -0*p - 5*p, -3 = 3*p. Let o(v) be the first derivative of -v**3/3 - 5*v**2/2 + 9*v + 9. Determine o(h).
-5
Let d = -5 - -6. Let n = d - -2. Let h(z) = 3 + 5 - z - 6 + n. Calculate h(5).
0
Suppose l - 6*l - 4 = -2*w, -3*w = 5*l - 6. Suppose w = 3*a - 1. Let g(j) = -j**3. Let m(f) = -2*f**3 + 2*f**2 - 2*f + 3. Let n(v) = a*m(v) - g(v). Give n(3).
-12
Let n(i) = -2*i + 3. Let x be n(0). Let h(o) be the first derivative of -x*o - 1/2*o**2 + 1. Calculate h(-5).
2
Suppose 0 = 3*y + 2*y. Let h(o) = o**2 + o - 8. Give h(y).
-8
Suppose 6*s = 7*s. Suppose -1 = m - s. Let t(y) = 9*y - 1. Calculate t(m).
-10
Suppose 10*w - 20 = 5*w. Let y(n) = w*n**2 + n**3 + 2*n**2 - n + n. Calculate y(-6).
0
Let j = -5 - -7. Let c(z) = -j*z + 2*z + z + 3. Suppose 0 = -2*a - 3*a + 3*p - 22, -p = 3*a + 16. Determine c(a).
-2
Let s(a) = 2*a**2 - 5*a + 6. Let h(y) = -1. Let t(n) = -n**3 + 8*n**2 + 8*n + 10. Let c be t(9). Let r(x) = c*s(x) + 3*h(x). Give r(3).
6
Let k = -8 - -7. Let s be 1*(0/k)/(-1). Let o(n) be the third derivative of -n**6/120 + n**5/60 + n**4/24 - 5*n**3/6 - n**2. What is o(s)?
-5
Let k(h) = h**2 - 3*h + 2. Let q be k(5). Let v(c) = q*c**3 + 1 + c**2 - c**2 + 0*c**2 - 2*c. Give v(1).
11
Let k(h) = -7*h - 3. Let m(o) = -20*o - 8. Let s(d) = 11*k(d) - 4*m(d). Give s(1).
2
Let y(a) = a**3 - 3*a**2 + a + 2. Let m = -15 - -17. Give y(m).
0
Let i(h) be the first derivative of -5*h - 1/2*h**2 + 1. Determine i(-6).
1
Let v(q) = -q**2 - 8*q + 12. Let u be v(-9). Let k(n) = -n - 4. Let r(b) = -3*b - 11. Let p(m) = 8*k(m) - 3*r(m). Calculate p(u).
4
Let m(f) = 2*f**2 - 2*f - 1. Suppose -4*w - 5*a = -3*w - 22, -a = -5*w + 6. Determine m(w).
3
Let q(z) be the first derivative of -5*z + 4 - 1/2*z**2. What is q(-3)?
-2
Let p(f) = -3*f**3 - 7*f**2 - 1. Let a(t) = -2*t**3 - 4*t**2 + t - 2. Let y(s) = 4*a(s) - 3*p(s). Let v be (4/(-10))/(2/20). What is y(v)?
-5
Let p(b) be the first derivative of b**2/2 - 10*b + 58. Determine p(7).
-3
Let z(j) be the first derivative of j**3/2 - 3*j**2/2 + 2*j - 3. Let q(k) be the first derivative of z(k). What is q(3)?
6
Let m(k) = -k**3 + 3*k**2 + 4*k - 2. Let s(j) = 3*j**3 + 1. Let x be s(1). Suppose 3*z + 2*n - 6 - 6 = 0, z - x = -5*n. Give m(z).
-2
Let u(y) = -5*y + 8. Let s(z) = 4*z - 7. Let g(a) = a**2 + 3*a - 4. Let c be g(-5). Let b(q) = c*s(q) + 5*u(q). Determine b(4).
-6
Let z(m) = 7*m**2 + m + 1. Let g = 3 + -3. Suppose g*t = -4*t - 4. Give z(t).
7
Let f(p) = -7*p**2 + 2*p + 3. Let z(x) = -13*x**2 + 3*x + 6. Let c(q) = 11*f(q) - 6*z(q). Calculate c(-5).
2
Let r(j) = -3*j**2 + 7*j - 5. Let z(o) = 10*o**2 - 21*o + 15. Let h(m) = 7*r(m) + 2*z(m). Let p = 13 - 8. Determine h(p).
5
Let v = 4 + -8. Let r(z) = -5*z - 8. Let n(p) = -11*p - 16. Let w(k) = v*n(k) + 9*r(k). Let o = -138 - -134. Calculate w(o).
-4
Let f = -6 - -5. Let o(l) = 5*l + 1. Let n be o(f). Let g(h) = -h**2 - 5*h + 2. Determine g(n).
6
Let i(q) = -q**2 + 6*q - 4. Suppose y + 6 = 7*y. Let t be (y/(-4))/(13/(-260)). Determine i(t).
1
Let l(t) = t**2 + 2*t - 4. Let a be l(-4). Suppose -2*x + a*k = 14, x + 6*k = k. Let p(s) = -s**2 - 7*s - 4. Calculate p(x).
6
Let d(q) = q. Suppose -4 = -2*g - 2*f - 0, -10 = -2*f. Let u(i) = 4*i. Let r(o) = g*d(o) + u(o). Suppose 1 - 4 = a. What is r(a)?
-3
Suppose v + 5*h + 6 = -0*h, -v - 2*h = 0. Let d(l) = -3*l + 0 + l + v + l. Calculate d(4).
0
Let s(o) be the first derivative of o**4/4 - o**3 + o**2 - 3*o + 1. What is s(3)?
3
Suppose -3*u - 19 + 1 = 0. Let d(c) = 3*c - 8. Let y(a) = -a + 3. Let b(o) = -4*d(o) - 11*y(o). What is b(u)?
5
Let c(k) = -8*k - 3. Let r(w) = 11*w + 5. Let x(v) = 7*c(v) + 5*r(v). Let i be ((-3)/(-2))/(2/4). What is x(i)?
1
Let x(q) = -2*q**2 - 4*q - 2. Suppose 0 = -0*j + 2*j - 8, -3*j = -4*v - 52. Let z be 5/v + (-5)/2. What is x(z)?
-8
Let a(y) = 1 - 8*y - 7 - y**2 + 3*y. Determine a(-4).
-2
Let r(g) = -g**2 + g - 1. Suppose 0 = -4*i + 2*z - 7 + 1, -4*z + 21 = i. Determine r(i).
-1
Let t be (9/6)/(1/(-2)). Let q(b) be the first derivative of -2*b**2 - 5*b - 3. Let v(x) = -3*x - 4. Let n(r) = 4*q(r) - 5*v(r). Determine n(t).
3
Let p(n) = -n - 1. Let u be p(2). Let r(l) = -l**2 - l + 1. Calculate r(u).
-5
Let k(x) = -x**2 - 7*x - 6. Let o be k(-6). Let z(f) = -f**2 + f**2 + f**